ors of l(s)?
79
Suppose -12*t + 3661 = 2*a - 7*t, a - 5*t = 1793. What are the prime factors of a?
2, 3, 101
Suppose 91 + 20 = 3*w. Suppose w = 2*h + 9. Suppose -u + h = -4. What are the prime factors of u?
2, 3
Let k be (86/(-2) - -7)*(-6 + 0). Suppose -23*d + k = -19*d. What are the prime factors of d?
2, 3
Let u(m) = -82*m + 43. List the prime factors of u(-7).
617
Suppose -1173 = -3*u - 0*u. Suppose -4*v - u = -9*v + 4*j, -5*v + 363 = 3*j. List the prime factors of v.
3, 5
Suppose -129 = -3*y - 3*i, 4*y = 4*i + i + 136. Let f = 87 - y. List the prime factors of f.
2, 3
Suppose 14*s - 7301 + 2485 = 0. List the prime factors of s.
2, 43
Suppose 4 = -2*y + 6. Let l be (6 - (4 + 0))*y. Suppose 3*j = s - 24, -5 = -l*j + 3. List the prime factors of s.
2, 3
Let o(a) = 12*a**3 - 2*a**2 + a - 5. Let j be o(3). Let b = -205 + j. List the prime factors of b.
3, 11
Let a(r) = -2 + r**3 + 4*r - 2*r**2 - 7*r**2 - 3*r. Let k = -66 - -75. List the prime factors of a(k).
7
Suppose 0 = 6*g - 3*g - 3402. List the prime factors of g.
2, 3, 7
Let g be ((-4)/(-6))/(18/(-297)). Suppose -i - 3*j = -45, -2*j + 7*j - 25 = 0. Let x = i + g. List the prime factors of x.
19
Let u(n) = -91*n. Let l be u(-1). Suppose 2*s = -2, -r - 4*s - l = -4*r. What are the prime factors of r?
29
Let p = -3090 + 8781. What are the prime factors of p?
3, 7, 271
Let r be 122/(-6) - (-3)/9. Let f = r - -33. List the prime factors of f.
13
Let i = 2141 - -929. List the prime factors of i.
2, 5, 307
Let z(o) = -6 + 30*o - 3 + 16 - 8. List the prime factors of z(3).
89
Let n = -241 + 489. Suppose -2*u - 3*u - n = -3*t, -t + u = -82. What are the prime factors of t?
3
Let p be (-1)/(-1*(-1)/(-2)). Let q(v) = 2*v - 1. Let l be q(2). Suppose p*r - h = 66, 2*r - 3*r - l*h + 33 = 0. List the prime factors of r.
3, 11
Let k(i) be the first derivative of i**4/4 - 4*i**3/3 + i**2/2 - i - 4. Let l be k(3). Let g = l + 14. List the prime factors of g.
7
Let t(n) be the third derivative of -n**4/4 - 19*n**3/6 + 9*n**2. List the prime factors of t(-5).
11
Let a(i) = 7*i**2 + 3*i - 8. Let s be a(-5). Suppose -9 = -4*u - 1. Suppose -3*h + s = 4*k - 4*h, u*h = -8. List the prime factors of k.
37
Suppose -4*i + 1957 = y, 2*y - 7*y + 983 = 2*i. What are the prime factors of i?
3, 163
Suppose -9*w - 52 = -13*w. Let h = w + -10. Suppose -h*r - r + 48 = 0. What are the prime factors of r?
2, 3
Suppose -5*v - 5*i = -395, -7*v = -3*v + 3*i - 312. List the prime factors of 4/5 - (-3540)/v.
2, 3
Suppose 5*c - 4*t - 16 - 16 = 0, -3*c - 3*t + 3 = 0. Suppose -c*p - 30 = -p. Let b = 7 - p. What are the prime factors of b?
17
Let j(t) = 5*t**2 + 2*t - 4. Let x(p) = p**3 - 3*p**2 - 3. Let f be x(3). List the prime factors of j(f).
5, 7
Let s be ((-28)/21)/(2/36). Suppose -3*l - 3*c - 2 + 11 = 0, 28 = -4*l + 4*c. What are the prime factors of (20/15)/(l/s)?
2
Suppose 5*i + 44 = -5*m + 2*m, -5*i - m = 48. What are the prime factors of 158 + (i/20)/((-1)/(-2))?
157
Let w(n) = -7*n - 16. Suppose -2*h = -c + h - 8, 2*c - 4*h = -20. What are the prime factors of w(c)?
2, 41
Let v be 4 + -1 - (-160)/5. Suppose y - 24 = -2*b + v, b = 5*y - 317. Suppose -2*c + 3*u = -119, -2*c - 2*u = -c - y. What are the prime factors of c?
61
Suppose 2*y - 3*h = 523, -8*y - 3*h = -3*y - 1297. Suppose y = 4*f - 2*f. List the prime factors of f.
2, 5, 13
Let z = -25 - -27. Suppose 2*l = 3*j + 24, 5*j - z*j + 6 = -l. What are the prime factors of 152/l - 24/(-36)?
2, 13
Let x(m) = -2*m**3 + 18*m**2 + m - 7. Let h be x(9). Suppose -h*l + 185 = s, -4*l = -0*s - 3*s + 595. What are the prime factors of s?
193
Let m(u) = u**2. Let j(r) = r**3 - 16*r**2 + r + 1. Let q(d) = -j(d) - 6*m(d). List the prime factors of q(9).
71
Let c be (-6)/24 + (-39)/4. List the prime factors of (-5)/(1 - (-12)/c).
5
Suppose -3*w + 2*l = -0*w - 46, 26 = 3*w + 2*l. Let f be (29/(-3))/((-2)/w). List the prime factors of 1*f - (-3)/(-3).
3, 19
What are the prime factors of (-13)/104 - 3777/(-8)?
2, 59
Suppose -2*n + 35 = -r, 4*n - 4*r - 55 = r. List the prime factors of n/(-6)*6/(-4).
5
Suppose 0 = -0*k - k. Suppose 0 = 3*h + 3*m - 75, k = 2*h - 0*h + 4*m - 52. List the prime factors of 46/(-8)*h/(-6).
23
What are the prime factors of 11490/9 + 6/(-9)?
2, 11, 29
Let u(x) = -x + 10. Let f be u(6). Let v = 5 - f. Suppose v + 15 = z. List the prime factors of z.
2
Let u(d) = d**3 + 11*d**2 - 3*d - 3. Let z(l) = 33*l**2 + 2*l - 2. Let t be z(1). Let a be (t/(-6) + 0)*2. What are the prime factors of u(a)?
2, 3, 5
Suppose 0*h = -3*h - 192. Let z be (h/(-12))/((-4)/(-6)). Suppose 2*f + 0*f = z. List the prime factors of f.
2
Let h(x) = 2*x**3 - x**2 + 4*x - 4. Let c(l) = -l**3 + l**2 - l. Let d(z) = 3*c(z) + h(z). Let o be d(2). What are the prime factors of 2/(84/(-45) - o)?
3, 5
Suppose 15 = -o - o + 3*n, -4*o + n - 5 = 0. Suppose -g = 1 - 8. Suppose v - g = -4*i + 9, o = 4*i - 8. What are the prime factors of v?
2
Let x(s) be the second derivative of 1/3*s**3 + 1/12*s**4 + s + 0 + 9/2*s**2. What are the prime factors of x(-6)?
3, 11
Let q(c) = -c**3 - 7*c**2 + 9*c + 11. Let v be q(-8). Suppose 0*r - v*r - 33 = 0. Let l = r - -40. List the prime factors of l.
29
Let u = -5 + 8. Suppose 0 = 3*c + 4*j - 25, c = -u*c + j + 8. Suppose 0 = 3*g - 4*g + c. What are the prime factors of g?
3
Let l be (-1)/(0 - (-1)/(-4)). Let b(c) be the first derivative of c**4/4 - c**3 - c**2 - 2*c - 33. List the prime factors of b(l).
2, 3
Let v(w) = 4*w**2 + 6*w + 3. Let x(n) = n**3 + 11*n**2 + 13*n + 1. Let d be x(-10). Let f = 25 + d. List the prime factors of v(f).
43
Let f = 1388 + -344. List the prime factors of f.
2, 3, 29
List the prime factors of (191700/24)/9 + 1/(-2).
887
Let s(h) = h**2 + 30. Suppose 0 = c - 4*c. Let k be s(c). Suppose -3*u + 5*y = -k, 2 = 3*y - 7. What are the prime factors of u?
3, 5
Suppose 1 = -5*h + 106. Let p = -12 + h. Let n = p - 5. List the prime factors of n.
2
Let b be (0 - 1)/((-1)/17). Suppose -3*j + 19 = 31. List the prime factors of (b - 2)*j/(-3).
2, 5
Suppose 0 = 3*v - 3*w - 1317, -2*w - 161 = 4*v - 1923. List the prime factors of v.
2, 5, 11
Suppose 6995 = 87*k - 94708. List the prime factors of k.
7, 167
Suppose 0 = 6*j + 4*j + 130. What are the prime factors of 2 + j/((-52)/336)?
2, 43
What are the prime factors of (3 - 3630/80)/((-1)/8)?
3, 113
Suppose -4*y + 225 = -2*y + 3*q, 2*y = 3*q + 255. Suppose r = -4*r + y. Suppose 3*l - 6*z = -z + r, 3*l = 4*z + 21. What are the prime factors of l?
3
Let t(f) = f**2 - 6*f + 4. Let l(w) = w**3 + 7*w**2 + 9*w + 6. Let i be l(-6). Let x = 20 + i. List the prime factors of t(x).
2, 5
Let x = -276 - -672. List the prime factors of x.
2, 3, 11
Let h be 1*32 + (-12 - 108/(-12)). Let d(y) = -9*y - 7. Let v be d(-6). Suppose -4*g + v = -h. List the prime factors of g.
19
Let b = 18 + -11. Suppose 0 = -b*r + 2*r. Suppose -v - 5*y + 3 = r, -v + 5*y = -0*v - 13. What are the prime factors of v?
2
Suppose 0 = q - 2*q + 4*v + 6722, -q + 6722 = -2*v. List the prime factors of q.
2, 3361
Suppose 0 = -3*c + 6*c - 36. Suppose v = 20 + c. Let l = v - 11. List the prime factors of l.
3, 7
Suppose -3*s - d = -809, -5*d + 1363 = 5*s - 7*d. List the prime factors of s.
271
Let w(t) = 83 + 10*t + 87 - 168. List the prime factors of w(4).
2, 3, 7
Let p(i) = -7*i**3 - 9*i**2 - 9*i - 4. Let d(s) = s**3. Let b(q) = -6*d(q) - p(q). Let t = -9 + 2. What are the prime factors of b(t)?
3, 13
Let r(j) = -j**3 + 26*j**2 + 2*j + 49. What are the prime factors of r(26)?
101
Let a = 1 + 12. Suppose 1 - a = -4*y. Suppose -2*w + 91 = -t, -5*w - y*t + 226 = -4*t. List the prime factors of w.
3, 5
Let u = 14 + -12. Suppose -u*p + 13 + 61 = 0. Suppose 3*h + p = 2*b + 130, -h + 3*b = -38. What are the prime factors of h?
29
Let b(p) = -2*p**2 - 17*p + 10. Let s be b(-9). What are the prime factors of 976/10 + (s - (-6)/(-10))?
2, 7
List the prime factors of (-30)/25 - ((-37896)/30 + 2).
2, 3, 5, 7
List the prime factors of 630 + 1 + -22 + 22.
631
Let b be (-3 + (-3)/(-4))/(6/(-16)). List the prime factors of (-2)/((-16)/28)*9*b.
3, 7
Let n(j) = -15*j**3 + 7*j**2 + 5*j + 5. What are the prime factors of n(-3)?
2, 229
What are the prime factors of (-624486)/(-3654) + ((-2)/21)/(-1)?
3, 19
Let u(c) = -c**3 - 4*c**2 + 9*c - 13. Let h be u(-8). Lis